{"id":40,"date":"2026-03-07T10:55:59","date_gmt":"2026-03-07T10:55:59","guid":{"rendered":"http:\/\/hexatcg.fr\/?page_id=40"},"modified":"2026-03-09T15:28:26","modified_gmt":"2026-03-09T15:28:26","slug":"mentions-legales","status":"publish","type":"page","link":"https:\/\/hexatcg.fr\/?page_id=40","title":{"rendered":"Mentions l\u00e9gales"},"content":{"rendered":"\n<p><strong>Site web<\/strong>\u00a0: <a>www.hexatcg.fr<\/a><br><strong>Propri\u00e9taire<\/strong>\u00a0: HEXATCG<br><strong>Adresse<\/strong>\u00a0: 4 domaine des m\u00e9sanges, 62176 CAMIERS <br><strong>Email de contact<\/strong>\u00a0: <a>contact@hexatcg.fr<\/a><br><strong>Num\u00e9ro de t\u00e9l\u00e9phone<\/strong>\u00a0: 07. 67. 36. 35. 29.<br><strong>SIRET<\/strong>\u00a0: 48060273900025<br><strong>TVA intracommunautaire<\/strong>\u00a0: TVA non applicable, article 293 B du CGI<\/p>\n\n\n\n<hr class=\"wp-block-separator has-alpha-channel-opacity\"\/>\n\n\n\n<h2 class=\"wp-block-heading\">1. \u00c9diteur du site<\/h2>\n\n\n\n<p>Le site\u00a0HEXATCG\u00a0est \u00e9dit\u00e9 par la soci\u00e9t\u00e9 HexaTCG,\u00a0responsable de la publication.<\/p>\n\n\n\n<p>Directeur de la publication\u00a0: Bonnel Fran\u00e7ois <\/p>\n\n\n\n<hr class=\"wp-block-separator has-alpha-channel-opacity\"\/>\n\n\n\n<h2 class=\"wp-block-heading\">2. H\u00e9bergement<\/h2>\n\n\n\n<p>Le site est h\u00e9berg\u00e9 par\u202f:<\/p>\n\n\n\n<ul class=\"wp-block-list\">\n<li>Nom de l\u2019h\u00e9bergeur\u00a0: OVHcloud<\/li>\n\n\n\n<li>Adresse\u00a0: 2 rue Kellermann \u2013 59100 Roubaix \u2013 France<\/li>\n\n\n\n<li>T\u00e9l\u00e9phone\u00a0: 1007<\/li>\n<\/ul>\n\n\n\n<hr class=\"wp-block-separator has-alpha-channel-opacity\"\/>\n\n\n\n<h2 class=\"wp-block-heading\">3. Propri\u00e9t\u00e9 intellectuelle<\/h2>\n\n\n\n<ul class=\"wp-block-list\">\n<li>Tous les contenus du site (textes, images, logos, vid\u00e9os, graphismes) sont\u00a0propri\u00e9t\u00e9s de HEXATCG\u00a0ou de ses partenaires.<\/li>\n\n\n\n<li>Toute reproduction, repr\u00e9sentation ou utilisation sans autorisation \u00e9crite est interdite.<\/li>\n\n\n\n<li>Les marques et logos figurant sur le site sont prot\u00e9g\u00e9s par le\u00a0Code de la propri\u00e9t\u00e9 intellectuelle.<\/li>\n<\/ul>\n\n\n\n<hr class=\"wp-block-separator has-alpha-channel-opacity\"\/>\n\n\n\n<h2 class=\"wp-block-heading\">4. Donn\u00e9es personnelles<\/h2>\n\n\n\n<ul class=\"wp-block-list\">\n<li>Les informations collect\u00e9es via le site sont utilis\u00e9es pour\u00a0traiter les commandes, g\u00e9rer les comptes et am\u00e9liorer les services.<\/li>\n\n\n\n<li>Conform\u00e9ment au\u00a0RGPD, les utilisateurs disposent d\u2019un droit d\u2019acc\u00e8s, de modification, de rectification et de suppression de leurs donn\u00e9es personnelles.<\/li>\n\n\n\n<li>Pour exercer ces droits, contactez\u202f: <a>contact@hexatcg.fr<\/a><\/li>\n\n\n\n<li>Pour plus de d\u00e9tails, consultez notre\u00a0Politique de confidentialit\u00e9.<\/li>\n<\/ul>\n\n\n\n<hr class=\"wp-block-separator has-alpha-channel-opacity\"\/>\n\n\n\n<h2 class=\"wp-block-heading\">5. Cookies<\/h2>\n\n\n\n<ul class=\"wp-block-list\">\n<li>Le site HEXATCG peut utiliser des cookies pour\u00a0am\u00e9liorer la navigation et analyser l\u2019audience.<\/li>\n\n\n\n<li>L\u2019utilisateur peut configurer son navigateur pour\u00a0refuser les cookies, mais certaines fonctionnalit\u00e9s peuvent ne plus \u00eatre disponibles.<\/li>\n<\/ul>\n\n\n\n<hr class=\"wp-block-separator has-alpha-channel-opacity\"\/>\n\n\n\n<h2 class=\"wp-block-heading\">6. Responsabilit\u00e9<\/h2>\n\n\n\n<ul class=\"wp-block-list\">\n<li>HEXATCG s\u2019efforce de fournir des informations exactes sur le site, mais\u00a0ne peut \u00eatre tenu responsable des erreurs ou omissions.<\/li>\n\n\n\n<li>L\u2019utilisateur utilise le site \u00e0 ses propres risques.<\/li>\n\n\n\n<li>HEXATCG ne peut \u00eatre tenue responsable des dommages indirects li\u00e9s \u00e0 l\u2019utilisation du site ou des produits vendus.<\/li>\n<\/ul>\n\n\n\n<hr class=\"wp-block-separator has-alpha-channel-opacity\"\/>\n\n\n\n<h2 class=\"wp-block-heading\">7. Loi applicable et juridiction<\/h2>\n\n\n\n<ul class=\"wp-block-list\">\n<li>Les pr\u00e9sentes mentions l\u00e9gales sont r\u00e9gies par le\u00a0droit fran\u00e7ais.<\/li>\n\n\n\n<li>Tout litige relatif \u00e0 l\u2019utilisation du site ou \u00e0 une commande sera soumis aux tribunaux fran\u00e7ais comp\u00e9tents.<\/li>\n<\/ul>\n\n\n\n<p><\/p>\n","protected":false},"excerpt":{"rendered":"<p>Site web\u00a0: www.hexatcg.frPropri\u00e9taire\u00a0: HEXATCGAdresse\u00a0: 4 domaine des m\u00e9sanges, 62176 CAMIERS Email de contact\u00a0: contact@hexatcg.frNum\u00e9ro de t\u00e9l\u00e9phone\u00a0: 07. 67. 36. 35. 29.SIRET\u00a0: 48060273900025TVA intracommunautaire\u00a0: TVA non applicable, article 293 B du CGI 1. \u00c9diteur du site Le site\u00a0HEXATCG\u00a0est \u00e9dit\u00e9 par la soci\u00e9t\u00e9 HexaTCG,\u00a0responsable de la publication. Directeur de la publication\u00a0: Bonnel Fran\u00e7ois 2. H\u00e9bergement Le site [&hellip;]<\/p>\n","protected":false},"author":1,"featured_media":87,"parent":0,"menu_order":0,"comment_status":"closed","ping_status":"closed","template":"","meta":{"footnotes":""},"class_list":["post-40","page","type-page","status-publish","has-post-thumbnail","hentry"],"blocksy_meta":[],"jetpack_sharing_enabled":true,"_links":{"self":[{"href":"https:\/\/hexatcg.fr\/index.php?rest_route=\/wp\/v2\/pages\/40","targetHints":{"allow":["GET"]}}],"collection":[{"href":"https:\/\/hexatcg.fr\/index.php?rest_route=\/wp\/v2\/pages"}],"about":[{"href":"https:\/\/hexatcg.fr\/index.php?rest_route=\/wp\/v2\/types\/page"}],"author":[{"embeddable":true,"href":"https:\/\/hexatcg.fr\/index.php?rest_route=\/wp\/v2\/users\/1"}],"replies":[{"embeddable":true,"href":"https:\/\/hexatcg.fr\/index.php?rest_route=%2Fwp%2Fv2%2Fcomments&post=40"}],"version-history":[{"count":3,"href":"https:\/\/hexatcg.fr\/index.php?rest_route=\/wp\/v2\/pages\/40\/revisions"}],"predecessor-version":[{"id":99,"href":"https:\/\/hexatcg.fr\/index.php?rest_route=\/wp\/v2\/pages\/40\/revisions\/99"}],"wp:featuredmedia":[{"embeddable":true,"href":"https:\/\/hexatcg.fr\/index.php?rest_route=\/wp\/v2\/media\/87"}],"wp:attachment":[{"href":"https:\/\/hexatcg.fr\/index.php?rest_route=%2Fwp%2Fv2%2Fmedia&parent=40"}],"curies":[{"name":"wp","href":"https:\/\/api.w.org\/{rel}","templated":true}]}}